 60334 and 2522.
194
What is the highest common divisor of 43 and 5140?
1
Calculate the greatest common factor of 3774 and 28934.
1258
What is the highest common factor of 271 and 6?
1
What is the greatest common divisor of 68569 and 1795?
359
What is the highest common factor of 457017 and 1089?
363
Calculate the highest common factor of 22 and 805838.
22
What is the greatest common divisor of 1628 and 28860?
148
Calculate the greatest common divisor of 114 and 4644246.
114
Calculate the highest common factor of 400 and 21650.
50
Calculate the highest common divisor of 69427 and 1.
1
What is the greatest common factor of 187695 and 485?
485
What is the greatest common divisor of 590852 and 68?
68
Calculate the greatest common divisor of 122272 and 160.
32
What is the highest common factor of 10790 and 5980?
130
What is the greatest common factor of 3233216 and 3093?
1031
What is the highest common factor of 2889 and 28569?
321
Calculate the highest common factor of 784 and 18277.
49
What is the greatest common factor of 3451 and 236640?
493
What is the greatest common divisor of 848 and 2494816?
848
What is the highest common factor of 54530 and 49856?
1558
Calculate the highest common divisor of 177351 and 279.
93
What is the highest common factor of 12 and 110468?
4
Calculate the greatest common divisor of 2340 and 612.
36
Calculate the highest common divisor of 72373 and 223027.
1477
Calculate the highest common factor of 533 and 10673.
13
What is the greatest common factor of 49961 and 141?
47
Calculate the highest common divisor of 49 and 9282.
7
What is the highest common divisor of 3679 and 12974?
13
What is the greatest common factor of 25877 and 226?
113
Calculate the highest common divisor of 3728 and 80.
16
What is the highest common factor of 504 and 14364?
252
What is the highest common factor of 50 and 20810?
10
Calculate the greatest common factor of 79373 and 561.
17
Calculate the greatest common factor of 1460 and 1436.
4
What is the greatest common divisor of 1702 and 37835?
23
Calculate the highest common factor of 171300 and 100.
100
Calculate the highest common divisor of 2681718 and 26.
26
What is the highest common divisor of 117 and 666900?
117
Calculate the highest common factor of 27004 and 688.
172
What is the highest common factor of 34 and 32827?
17
What is the greatest common divisor of 340752 and 93?
93
What is the highest common factor of 832007 and 2365?
473
What is the greatest common factor of 309160 and 2065?
295
Calculate the highest common factor of 4586499 and 1449.
207
Calculate the greatest common divisor of 14190 and 774.
258
Calculate the greatest common divisor of 136 and 51.
17
Calculate the highest common factor of 116 and 138301.
29
Calculate the highest common divisor of 11996 and 66.
2
What is the greatest common divisor of 37611 and 525?
21
What is the greatest common divisor of 42000 and 7?
7
What is the highest common factor of 19023 and 207?
3
What is the greatest common factor of 14857 and 25896?
83
Calculate the highest common divisor of 6507825 and 300.
75
Calculate the greatest common divisor of 107468 and 1273.
67
Calculate the greatest common factor of 3232 and 344.
8
Calculate the greatest common divisor of 15168 and 8.
8
What is the greatest common factor of 31040 and 20370?
970
Calculate the greatest common divisor of 903 and 18627.
21
Calculate the highest common divisor of 253396 and 1001.
143
What is the greatest common factor of 580 and 1580?
20
Calculate the greatest common divisor of 15 and 3227745.
15
Calculate the greatest common factor of 606 and 1551966.
606
Calculate the greatest common divisor of 186 and 18797253.
93
What is the highest common factor of 40005 and 4935?
105
Calculate the highest common divisor of 65 and 14975.
5
What is the highest common factor of 244 and 324764?
244
Calculate the greatest common divisor of 59616 and 25530.
138
What is the greatest common divisor of 190 and 30?
10
What is the highest common divisor of 123627 and 147?
147
Calculate the greatest common factor of 36 and 1872243.
9
Calculate the highest common divisor of 11999 and 213.
71
What is the highest common factor of 195 and 34671?
39
What is the highest common factor of 670 and 2720?
10
What is the highest common factor of 208 and 1430?
26
Calculate the greatest common divisor of 4137 and 1248783.
591
Calculate the greatest common divisor of 89385 and 1965.
15
What is the highest common factor of 354 and 31329?
177
What is the greatest common divisor of 2000 and 5360?
80
What is the highest common factor of 371720 and 80?
40
What is the highest common divisor of 817 and 778601?
817
What is the highest common divisor of 134 and 3787309?
67
What is the greatest common factor of 440 and 18810?
110
Calculate the highest common divisor of 12311 and 40560.
13
Calculate the greatest common factor of 8 and 296984.
8
Calculate the greatest common factor of 442 and 203762.
442
What is the greatest common divisor of 21 and 3083493?
21
Calculate the greatest common divisor of 1199841 and 138.
69
Calculate the highest common divisor of 63 and 3619.
7
Calculate the greatest common divisor of 26 and 349674.
26
Calculate the highest common factor of 211782 and 282.
282
Calculate the greatest common divisor of 5 and 43820.
5
Calculate the highest common factor of 4290551 and 661.
661
Calculate the greatest common factor of 1152 and 760.
8
What is the greatest common factor of 4612887 and 9?
9
Calculate the greatest common divisor of 543 and 13210647.
543
Calculate the highest common factor of 702 and 53442.
18
What is the highest common factor of 41 and 110659?
41
Calculate the greatest common factor of 195832 and 9464.
728
Calculate the greatest common divisor of 180 and 1242160.
20
Calculate the highest common divisor of 119581 and 63.
7
Calculate the greatest common factor of 1368245 and 51.
17
What is the greatest common factor of 664 and 249?
83
What is the highest common factor of 497 and 22169?
7
Calculate the highest common divisor of 114552 and 8.
8
Calculate the highest common factor of 185818 and 106.
106
What is the greatest common divisor of 207558 and 1365?
39
Calculate the greatest common divisor of 36736 and 123.
41
Calculate the highest common factor of 55 and 11905.
5
What is the greatest common factor of 210 and 4326?
42
What is the greatest common factor of 15075 and 7200?
225
What is the greatest common divisor of 5250 and 4935?
105
Calculate the highest common divisor of 2086 and 28.
14
Calculate the greatest common factor of 333 and 120694.
37
Calculate the highest common divisor of 26 and 3471.
13
What is the highest common divisor of 2058641 and 52?
13
What is the greatest common divisor of 21840 and 4732?
364
Calculate the highest common factor of 253627 and 176.
11
Calculate the highest common divisor of 114340 and 1240.
20
What is the highest common factor of 3246 and 7494?
6
Calculate the greatest common factor of 250729 and 1413.
157
Calculate the greatest common factor of 448 and 14434.
14
Calculate the greatest common factor of 12 and 348708.
12
What is the highest common factor of 2928 and 2623?
61
What is the greatest common factor of 543647 and 741?
247
Calculate the greatest common divisor of 1139005 and 105.
35
Calculate the greatest common divisor of 819 and 6786.
117
What is the highest common factor of 14 and 2853?
1
Calculate the highest common factor of 188144 and 176.
176
What is the highest common divisor of 2068 and 13024?
44
What is the greatest common factor of 3050000 and 1952?
976
Calculate the greatest common divisor of 585 and 241670.
65
Calculate the greatest common factor of 204 and 305541.
51
What is the greatest common divisor of 1956 and 46292?
652
Calculate the greatest common divisor of 462 and 123459.
21
What is the greatest common divisor of 42 and 294322?
14
What is the highest common divisor of 1763826 and 1752?
438
What is the highest common divisor of 2419 and 2773?
59
What is the highest common factor of 337206 and 258?
258
Calculate the highest common factor of 131124 and 24.
12
Calculate the highest common factor of 326620 and 980.
140
Calculate the greatest common divisor of 29500 and 160480.
1180
Calculate the highest common 